Let m = v + -33. What is the highest common divisor of m and 150?
30
Let j = -39395 + 39563. Let i = -14 + 27. Suppose -118 = -5*h - i. Calculate the highest common factor of h and j.
21
Let l(o) = 37*o + 1334. Let n be l(38). What is the greatest common factor of n and 40?
20
Suppose 708 = 4*c - 3*a, -2*a + 667 = 5*c - 241. Calculate the highest common divisor of c and 580.
20
Let x = 1515 + 7533. What is the greatest common divisor of 1248 and x?
312
Let r(m) = -m**3 - 2*m**2 - m - 3. Let n be r(-4). Suppose t - 4*i = n, -i - 14 = -t + 13. Suppose t - 1 = a. Calculate the highest common divisor of a and 6.
6
Let v = -46071 - -46093. Suppose -3*m - 1 = -b + 2, -b + 11 = 5*m. Let k(o) = 7*o - 9. Let x be k(b). Calculate the greatest common factor of v and x.
11
Let f(q) = q**2 - 30*q - 259. Let o be f(-9). What is the greatest common factor of 52 and o?
4
Let y = 216 + -106. Let f = 166 - 155. Suppose -f*z + 150 = 4*z. Calculate the highest common factor of z and y.
10
Let z = 9 + -15. Let h(v) = v**2 + 16*v - 37. Let n be h(-18). Let c be (n/(6/8))/(4/z). What is the greatest common divisor of c and 1?
1
Suppose 158*g = -3764 + 16741 + 11671. What is the highest common factor of g and 5382?
78
Suppose -3*z + 38*z - 315 - 5740 = 0. Calculate the greatest common factor of z and 8131.
173
Let m = 8 - 5. Suppose 21*q = 5*q + 816. Suppose 4*r = 9*w - 6*w - q, 5*w + 2*r = 111. What is the highest common factor of w and m?
3
Suppose -340 = 4*x - 2*h + 334, 2*x - 4*h + 334 = 0. Let n = -137 - x. What is the highest common factor of n and 352?
32
Suppose -3900 = 38*n - 42*n. Suppose -52 + 5252 = -3660*x + 3700*x. Calculate the greatest common factor of x and n.
65
Suppose -394 = 2*v - 392, 0 = 4*c + 3*v - 93. Calculate the highest common factor of c and 1024.
8
Suppose -4*n - 401 = 3*r, -4*n - 61 = 2*r + 205. Suppose -1112 - 123 = 5*u. Let o = r - u. Calculate the highest common divisor of 32 and o.
16
Let n(s) = s + 4. Suppose -v = 0, 0*a + v - 3 = a. Let p be 3*(-10)/a - 0/5. Let k be n(p). What is the highest common divisor of 14 and k?
14
Let t(n) = 2*n**3 + 20*n**2 + 19*n + 11. Let z be t(-9). Suppose 3*c + z*v - 415 = 0, -3*v + 129 + 291 = 3*c. Calculate the highest common divisor of 225 and c.
45
Let j be (-69)/(-6) + -2 + (-12)/8. Suppose 16 = -3*i - z, -4*i + z = -2*i + 9. Let s be -8*(2 + i + 0). Calculate the greatest common factor of j and s.
8
Let i = 706 - 620. Suppose -4*r - 256 + 772 = 0. What is the highest common factor of i and r?
43
Suppose -4*a + 4236 = 8*a. Let j = a - 318. Calculate the highest common factor of 35 and j.
35
Let s = 35 - -90. Let f be 4/6 + ((-61)/(-3) - -4). Calculate the highest common factor of f and s.
25
Let l(z) = 4*z**2 + 6*z - 8. Let u be l(4). Suppose 0 = 4*p - 4*q + 248, 2*p + 44 + 68 = -4*q. Let k = p - -76. What is the greatest common divisor of k and u?
16
Suppose 0 = 67*n - 6043 - 89365. What is the highest common divisor of 112 and n?
16
Suppose 0 = -9*d + 10*d - 30. Let a(r) = -r**2 + 57*r + 74. Let i be a(d). What is the greatest common divisor of i and 52?
52
Let l be (-19 + 3)*((-1)/1 + 0). Suppose 0 = 16*m - 91 + 27. What is the greatest common factor of m and l?
4
Let s be (-12)/3 - (-115 + -2). Suppose 5*l - s - 37 = -5*t, -l = -t + 34. Suppose -p + t = p. Calculate the greatest common factor of 40 and p.
8
Let s = -172 - -177. Suppose 13 = d + 2*m, -m - 51 = -3*d - 4*m. Let u = d - s. What is the highest common factor of u and 16?
16
Suppose p - 127 = 4*m, -4*m = 15*p - 20*p + 667. Calculate the highest common divisor of p and 675.
135
Suppose 0 = -3*f + 9*f + 192. Let i = -24 - f. Suppose -4*g + 38 = 2*v + i, -g = -v. What is the greatest common divisor of 45 and g?
5
Let d(p) = 172*p**3 - 10*p**2 + 12*p + 23. Let h be d(3). What is the greatest common factor of h and 7?
7
Suppose -2*f + 3*m + 188 = 0, 3*m + 210 = 3*f - 69. Suppose -13 - 55 = -68*z. Let j be (z + 2)*1027/237. What is the highest common factor of j and f?
13
Suppose l = -5*i - 418, -i + 0 = -4*l + 71. Let c = 87 + i. What is the highest common divisor of c and 136?
4
Suppose 1195 = 23*p + 326 - 1707. Let y(q) = 3*q**2 + q - 2. Suppose -5*m - 8 = 2. Let n be y(m). Calculate the highest common divisor of p and n.
8
Let d be 13 - (-2)/(-3 + 1). Suppose -241734 = -288*c - 75846. What is the greatest common factor of d and c?
12
Suppose -2*s = 3*u - 153, -5*s + 4*u - 3*u + 425 = 0. Let w be (396/(-48))/((-9)/s). What is the highest common divisor of w and 14?
7
Let z = -3101 - -3128. What is the highest common divisor of 18243 and z?
9
Suppose 3*c - 5*c - 26 = -4*j, 2*c - 2*j = -30. Let r(i) = i**2 + 12*i - 73. Let s be r(c). Calculate the greatest common divisor of s and 60.
12
Suppose 0 = h - 5*u - 36 - 27, 0 = 5*h - 5*u - 255. Let n = -6168 - -6648. What is the greatest common factor of n and h?
48
Let y(j) = -132*j - 16. Suppose -117*o + 109*o - 48 = 0. Let w be y(o). Calculate the highest common factor of w and 8.
8
Let n be (-3)/(2 - (-10)/(-6))*(-652)/163. What is the highest common divisor of n and 12732?
12
Let f(n) = 2*n**2 - 187*n - 1299. Let x be f(-7). Calculate the highest common factor of 48 and x.
12
Let k be (30/10)/((-1)/18). Let p = k - -152. Suppose 4*v - p = 2*h, 5*h = 2*v + 2*h - 47. What is the greatest common divisor of 5 and v?
5
Suppose -4*g + 136 = -744. Let n(x) = 18*x - 23. Let v be n(2). Suppose v*z = 3*z + g. Calculate the highest common factor of 22 and z.
22
Let g = 102 + -21. Suppose 7*s = 8*s - g. Suppose -s = -n + 9. What is the highest common factor of 36 and n?
18
Let h(d) = 2*d**3 + 10*d**2 + 6*d + 4. Suppose -15*a = 50 + 10. Let k be h(a). Calculate the highest common divisor of k and 42.
6
Suppose -2*j + 2*q = -62, -2*j = 6*q - 2*q - 98. Let f = 540 + -281. What is the greatest common factor of j and f?
37
Let i be 18*((-696)/18)/(-29). Calculate the highest common divisor of i and 1284.
12
Suppose -4*j = -4*s - 80, 0 = -4*j - 0*j - 5*s + 116. Let n = -53 + 105. Let b = -40 + n. What is the highest common factor of b and j?
12
Suppose -914*x + 961*x - 1504 = 0. What is the highest common divisor of x and 800?
32
Let j = 597 + -107. Suppose -6*v = -j - 266. Calculate the highest common divisor of 84 and v.
42
Let u(n) = n**3 + 24*n**2 + 52*n + 590. Let q be u(-22). Calculate the greatest common factor of q and 45.
9
Let z = 292 + -292. Suppose -338*o + 344*o - 462 = z. Let v be 27/4 + 2/8. Calculate the highest common factor of v and o.
7
Let u = 61 + -63. Let w be 7/(u - (-1315)/655). Suppose -r + 4*k = -2*r + 201, 2*k + w = 5*r. Calculate the greatest common factor of r and 74.
37
Let s = -275 - -338. Calculate the highest common factor of 1155 and s.
21
Suppose 1822 = -a + 7233 + 2928. Calculate the greatest common factor of a and 31.
31
Suppose 0*o = -2*o + 6. Let b(s) = s**3 + 26*s**2 + 23*s - 48. Let h be b(-25). Let v be (o - (-21 + 0))*h. What is the highest common divisor of 72 and v?
24
Let z be (0 + (-2)/(-3))/((-2001)/(-1224612)). Calculate the greatest common divisor of 4590 and z.
102
Let f = 11 - -22. Let n = -52 + 60. Suppose -5*i = p - 89, n*i = 11*i + 6. Calculate the highest common divisor of f and p.
33
Suppose 3*w = -2*n + 49142, 57410 + 40879 = 6*w + 3*n. Calculate the highest common factor of 64 and w.
64
Suppose -5*w = 2*s + s - 62, -38 = -3*w - 2*s. Suppose -15 = -4*j + j, 3*r - 3*j = -3. Suppose y - w = -r*y. Calculate the greatest common divisor of 5 and y.
1
Let b be 3 + 3 - 5 - 216/(-2). Let z = b + -105. Calculate the highest common factor of 28 and z.
4
Let s be 16/(-12) + 3/(-12) + (-2102)/(-24). Calculate the highest common factor of 10406 and s.
86
Let g = 45 - 59. Let a(w) = -w**2 - 11*w - 28. Let t be a(g). Let s = t + 99. Calculate the highest common divisor of s and 58.
29
Let k = -46702 - -46705. Let w(d) = 7*d**2 - d - 1. Let h be w(-2). What is the greatest common factor of h and k?
1
Suppose -z + 4*z = -81. Let t(q) = 21*q + 506. Let h be t(-33). Let f = z - h. What is the highest common factor of 10 and f?
10
Let f = 101 - 21. Suppose -3*z + z + f = -4*h, h = 0. Let w = -34 + z. What is the highest common divisor of w and 2?
2
Let r(n) = -191*n - 11. Let v be r(-1). Suppose -34*p + v + 194 = 0. What is the highest common factor of 539 and p?
